2, 5
Let v(u) = -u + 6. Let b be v(0). Suppose b*a = 102 - 6. List the prime factors of a.
2
List the prime factors of ((-32)/(-48))/((-2)/744*-2).
2, 31
Let a = -162 - -300. What are the prime factors of a?
2, 3, 23
List the prime factors of (7 + -35)*(1 + (-93)/21).
2, 3
Suppose 5*l - 80 = -0*l. What are the prime factors of l?
2
Let g(q) = q**2 + 33. List the prime factors of g(-15).
2, 3, 43
Suppose -4*f = -k - 132, -2*k = -2*f - 6*k + 66. List the prime factors of f.
3, 11
Suppose -5*n - 4*b = -6*b - 190, 2*n = 5*b + 55. List the prime factors of n.
2, 5
Suppose 2*i + 0*i = 6. Let s = 17 - i. What are the prime factors of s?
2, 7
Suppose 3*w - 48 = 48. List the prime factors of w.
2
Let s be (-18)/(-4)*(-2)/(-3). List the prime factors of 15/1 + (s - 0).
2, 3
Let t(n) = -n**3 - 6*n**2 + 6*n - 5. Let j be t(-7). Let l be ((-10)/(-4))/(j/(-4)). List the prime factors of (-6)/4*(l + 3).
3
Let s = -3 + 6. Suppose v - 3*v - 10 = -z, 0 = -s*z. List the prime factors of 36/15 + 2/v.
2
Suppose -3*q = -3*u + 6, -18 = -4*q - q - 2*u. Suppose -h + 6*h = -15, -q*h = -y + 15. List the prime factors of y.
3
Let j = 9 - -26. What are the prime factors of j?
5, 7
Suppose 0 = -2*h - 10, -4*t - 4*h + 65 = -271. List the prime factors of t.
89
Let d be (-9)/(-5) + 4/20. Suppose 4*w = 2*w - d, -f - 3*w + 4 = 0. List the prime factors of f.
7
Let f = -8 - -14. Suppose 2*q = -2*q. Suppose q = -3*r + 5*r - f. What are the prime factors of r?
3
Let w(i) = i**2 + 4*i. Let v = 6 + -12. List the prime factors of w(v).
2, 3
Let u(t) = 5*t + 3. Let l be u(-4). Let y = -12 - l. What are the prime factors of y?
5
Let t be ((-1)/3)/((-1)/9). Suppose 3*s + 2 = -2*b, -2*b + t*s - 6 = 7*s. Suppose 5*k + 17 + 6 = 4*z, b*z = 2*k + 16. List the prime factors of z.
2
List the prime factors of (-2)/17 + (-11230)/(-85).
2, 3, 11
Suppose 3*s - 89 = -4*h, h = -3*s + 48 + 26. List the prime factors of s.
23
Let o be -9*1*(4 - 3). Let c = 13 + o. Suppose -16 = -c*d - 0*d. What are the prime factors of d?
2
What are the prime factors of -2 + ((-92)/(-2) - -2)?
2, 23
Let n be 3/3 - 0/(-2). Let u(y) = 5*y + 20 - 20. List the prime factors of u(n).
5
Let g(l) = l**2 + 10*l + 3. Let f be g(-7). Let n = 4 + -41. Let z = f - n. List the prime factors of z.
19
Let t(i) = 2*i**2 - i + 5. Let u be t(5). Let k = -31 + u. What are the prime factors of k?
19
Let l(s) = s + 3. Let g be l(4). Let v = 13 - g. What are the prime factors of v?
2, 3
Let o be (-6)/(-21) - (-36)/(-28). Let t be (2/(-4) - 0)*2. List the prime factors of (-2 - (o - -3))/t.
2
Suppose s - 2*d = 1, -d - 2 + 5 = -4*s. Let r be 0 - -1 - s - -28. Let q = 42 - r. What are the prime factors of q?
2, 3
Let v(l) = -l**3 - 5*l**2 + 8. Let o be v(-5). Suppose 5*p + 10 = -5. Let x = p + o. What are the prime factors of x?
5
Let d = 129 - 67. List the prime factors of d.
2, 31
Suppose 0 = 24*p - 25*p + 59. What are the prime factors of p?
59
Suppose 2*y - 4*y + 4 = 0. Let r be 3/4*(-24)/y. List the prime factors of r*2/(-1 - 1).
3
Let s(f) = -f - 2. Let z be s(-7). Suppose 4*j - 121 = z*p, 2*p - 4*p = 2*j - 38. List the prime factors of j.
2, 3
What are the prime factors of ((-10)/(-6))/((-7)/(-84))?
2, 5
Let j = 7 + -4. Suppose -h + 4 = -j. What are the prime factors of h?
7
Let v(i) = 2*i**2 - 6. Let z be v(-4). Let b = -2 + 18. Let j = z - b. What are the prime factors of j?
2, 5
List the prime factors of ((274/3)/(-1))/((-4)/18).
3, 137
Let f(k) = 2*k + 5. Let h(g) be the third derivative of -g**4/24 - g**3/3 + 2*g**2. Let q(j) = 4*f(j) + 11*h(j). What are the prime factors of q(-2)?
2
Suppose -4*o - 3 = -7. Let n be 2 + (0 - o) - -4. Suppose n*j + 2*a = 0, 3*j = -0*a + 3*a + 21. List the prime factors of j.
2
Let h(c) = -c**3 - c**2 + 4*c. List the prime factors of h(-4).
2
Let b(o) = -o**2 + 5*o + 4. Let v(l) = 4*l**2 - l. Let x be v(-1). List the prime factors of b(x).
2
Suppose 10 - 23 = -k. What are the prime factors of k/(-3)*-3 + -1?
2, 3
Let r = -2 + 4. List the prime factors of (r + -15)*(2 - 3).
13
Let x(o) = 7*o**3 + 2*o**2 - o. Let w be x(1). Suppose -w = 4*t - 80. List the prime factors of t.
2, 3
Let p = 14 + -11. Suppose p*i - 9 = 0, -4*t + 51 = -2*i - i. What are the prime factors of t?
3, 5
Let r be -2*1/(6/(-117)). Suppose -4*d = w - r, -23 = -5*w + 3*w + 3*d. What are the prime factors of w?
19
Suppose 0 = a + 3*a - 12. Suppose -i - i - g = -11, i = -a*g + 18. List the prime factors of i.
3
Suppose 6*t - 1184 = 202. List the prime factors of t.
3, 7, 11
Let w be (4/(-6))/(4/(-36)). Suppose 7*g = w*g + 3. What are the prime factors of g?
3
Suppose -3*x = 4*w, 3*x = w - 11 - 4. List the prime factors of (w/2)/((-1)/(-2)).
3
Let a(u) = u**2 + 7*u + 3. Let n be a(-7). Suppose -31 = -2*j + d, -2*j + 7*d - n*d = -34. List the prime factors of j.
3, 5
Let f(l) = -l**3 - 4*l**2 + 3*l + 5. Let b be f(-4). Suppose -2*c = -3*j + 2, c - 3 = 4*c - 5*j. What are the prime factors of 1/(b/(-6) + c)?
2, 3
Suppose 4*z - 8 = 4*v + 36, 3*z + 4*v = -2. Suppose -3*t = z, m + 3*t - 194 = -4*m. What are the prime factors of m?
2, 5
Let w be (-6)/((-6)/(-3)) + 23. Suppose -16 - w = -4*t. List the prime factors of t.
3
Suppose -6*u = -3*j - u + 810, -5*j - 4*u + 1387 = 0. List the prime factors of j.
5, 11
Let y be 6 + (-1)/(3 - 2). Suppose 0 = 5*o + 10, p + 4*p - 185 = y*o. What are the prime factors of p?
5, 7
Suppose -15*r + 1812 = -9*r. What are the prime factors of r?
2, 151
Suppose z - 2 = 3. Suppose -48 = -z*u + 12. What are the prime factors of u?
2, 3
Suppose 4*w - 3*c - 290 = 0, -2*w + 2*c + 146 = -0*w. What are the prime factors of w?
71
Let i(f) = f + 4. Let s be i(0). Suppose -5*z = -4*w - 70, -56 = -0*z - s*z - w. List the prime factors of z.
2, 7
List the prime factors of (-29)/(-1*(-2)/(-4)).
2, 29
Let d(p) = p**2 - 6*p - 2. Let a be d(7). Let x(u) be the third derivative of u**4/12 - u**3 + 2*u**2. What are the prime factors of x(a)?
2
Suppose 0 = -11*v - 2*v + 1976. List the prime factors of v.
2, 19
Suppose -2*d - 4*x - 8 = 0, -d = -5*x - 1 - 16. Let o be (3/(-4))/(d/(-56)). Suppose j = u + 4*j - 14, -o = -2*u + j. List the prime factors of u.
11
Let r be 3267/55 - 2/5. Let t = 100 - r. What are the prime factors of t?
41
Let w(x) = -x**2 + 7*x - 4. Let u be w(6). Suppose 0 = q + u*q - 36. List the prime factors of q.
2, 3
Let v(n) = -10*n**2 + 5*n - 3. Let w(t) = -3*t**2 + 2*t - 1. Let s(r) = 2*v(r) - 7*w(r). List the prime factors of s(5).
2, 3
Let l(v) = 3*v + 7. Suppose c = 3*c - 8. What are the prime factors of l(c)?
19
Let n be (44/6)/(8/12). Let k(g) = 2*g - 12. What are the prime factors of k(n)?
2, 5
Suppose c = q - 79, 5*c = -3 + 8. Suppose 0 = 3*m - 4*r - 20, 5*m + r - q = -4*r. List the prime factors of m.
2, 3
Let z(x) = 27*x - 12. What are the prime factors of z(3)?
3, 23
Let k = 1380 - 2256. What are the prime factors of k/(-54) + 2/(-9)?
2
Let d(z) = z**2 + 5*z. Let t be d(-4). Let j = 0 - t. What are the prime factors of j?
2
Let n = 151 - 101. Suppose -r - 23 + 2 = -2*m, 0 = 5*m - 3*r - n. Let z = -8 + m. List the prime factors of z.
5
Let a = -1 + 1. Let f = -45 - -50. Suppose a*q + 80 = f*q. What are the prime factors of q?
2
Let q(l) = -1. Let v(b) = -b - 15. Let t(x) = 2*q(x) - v(x). What are the prime factors of t(-6)?
7
Let v(o) = -o + 4. Let j be v(6). Let i = 8 + j. List the prime factors of i.
2, 3
Let j be 90/(-4)*(-8)/3. Suppose 0 = 8*d - 3*d - j. List the prime factors of d.
2, 3
Let f = 0 + -1. Let m(i) = 31*i**2 + 2*i + 2. List the prime factors of m(f).
31
Let i(y) = y + 29. What are the prime factors of i(0)?
29
Suppose 2*x + 64 = 6*x. Suppose 0 = 5*a + 4*k - 45, 2*a + 3*k - x = 2. List the prime factors of a.
3
List the prime factors of (-3 - 135)/(-5 + 3).
3, 23
Let n(f) = -f - 6. Let p be n(-9). Suppose -3*u + o + 25 = 0, -p*o = -u - 2*o + 7. List the prime factors of u.
3
Let c = 1 + -13. Let u = c - -17. List the prime factors of u.
5
Let q = -24 + 21. Let i = 10 + q. List the prime factors of i.
7
Let n be 56/20 + 1/5. Let p = 19 - n. List the prime factors of p.
2
Let u(a) = 37*a**3 - 2*a**2 + 1. Let h be u(1). Suppose 0*o - 4*o = -h. What are the prime factors of o?
3
Let o be -1 + (-2 + 2 - -5). Suppose -5*b - 7 = -o*u, 0 = -4*u - u + 4*b + 11. List the prime factors of u